ens digit of i?
1
Suppose -y + 5 + 0 = 0. Suppose 23 = y*r - 27. What is the units digit of ((-12)/15)/((-4)/r)?
2
Let b = 1 + -2. Let h be (-4 - b)/(9/6). What is the units digit of (-3)/(-3) - h - -10?
3
Let g be 0 + (0 - 0) + -1. Let j(d) = d**2 + d + 1. Let q(n) = -4*n - 2. Let h(w) = g*q(w) - j(w). What is the units digit of h(3)?
1
Suppose -2*m + 4 + 6 = 0. Suppose -y + 5*y + 3*a - 16 = 0, 4*y + 16 = m*a. What is the units digit of y?
1
What is the tens digit of 6/(-2) - (-194)/2?
9
Suppose 5 = -4*b + 13. Suppose -b*l + 0 = -8. Suppose 3*f - 22 = 2*f + 3*a, -a - 33 = -l*f. What is the units digit of f?
7
What is the units digit of (2 - 6) + 0 + 18?
4
Suppose -r + 2 = -3*r. Let f = r + 5. Suppose f*m + s = 36, -2*s + 36 = 4*m - 0*m. What is the units digit of m?
9
Let c(s) = s**2 - 7*s - 3. Let f be c(9). Let z = f + -61. Let r = 65 + z. What is the units digit of r?
9
Let m(n) = 5*n**3 + n**2 - n + 1. Let d be m(1). Suppose -l = -2*p - 4, 2*l = d*l - 16. Suppose 3*u - 3 = -p*u. What is the units digit of u?
1
Let x = 15 - 0. Suppose -t = -1 - x. What is the units digit of t?
6
Suppose 5*r - 4 + 14 = 0, 5*m = 2*r + 24. Suppose m*x = 2*x + 6. What is the units digit of x?
3
Let b(k) = 2*k - 7. Let p be b(5). Let z be (-4 - (-9)/3)*-1. Let l = p - z. What is the units digit of l?
2
Let d(n) = -n + 41. What is the units digit of d(0)?
1
Let l = 3 - -12. What is the tens digit of l?
1
Suppose -2*d = -d + 2*u + 3, 2*d = 2*u + 6. Suppose 0 = -4*i + 5 - d. Suppose -3*k = -2*q - 16, -5*q + i = 2*k + 3. What is the units digit of k?
4
What is the tens digit of (-14 - -2)*(14/(-4) - -1)?
3
Suppose -v + 18 = 5*k - 49, 2*k - 6 = 0. What is the units digit of v?
2
Suppose w - 3 = 2, w = 3*r - 7. Suppose 4*m = -5*c + 108, 5*m - r*c - 102 = -2*c. What is the tens digit of m?
2
Let z = 4 + -1. Suppose 0 = z*f - 6 - 3. What is the units digit of f?
3
Let s = 5 + 0. Suppose 2*v - 60 = -s*j, -5*j - v = -j - 48. Suppose 4*t - j = -0*t. What is the units digit of t?
3
Let m = 114 - 75. Let k be -2 + 1 + m + 2. Suppose -2*v - 3*v = -k. What is the units digit of v?
8
Suppose 170 + 155 = 5*a. What is the tens digit of a?
6
Suppose -6*g + 19 = -5*g. What is the units digit of g?
9
Suppose 0 = l + 3*i - 22, -2*l - 3*i + 14 + 18 = 0. Suppose -5*w - 37 = -7. What is the tens digit of (-14)/w*(l + -4)?
1
What is the units digit of (-4)/5 + 336/70?
4
Let i be (-3)/((-7)/2 - -2). Let w(a) = 5*a**2 - 6*a**i - 7*a + 0*a. What is the units digit of w(-6)?
6
What is the units digit of (-2)/12 - 363/(-18)?
0
Let x = 66 - 35. What is the units digit of x?
1
Let o(n) be the third derivative of -n**6/120 - n**5/30 + n**4/6 - n**3/6 - 2*n**2. What is the units digit of o(-4)?
5
Suppose 0 = q + p, 3*q - 4*p + 0*p = 14. Suppose 0*j = q*j - 30. What is the tens digit of j?
1
Suppose 3*f - 16 = -f. Suppose 6*b - 55 = b + 5*u, 5*b + f*u - 46 = 0. What is the units digit of b?
0
Suppose 3*q + 3 = 0, 3*b - 1279 = q - 120. What is the tens digit of b?
8
Let k = 698 - 395. What is the hundreds digit of k?
3
Suppose b = 2*s - 7, 5*s + b = -0*b. Let d(l) = 3*l**2 - 2*l + 1. Let j be d(s). What is the units digit of -1*(-1*j + -1)?
3
Let f = 453 + -147. What is the tens digit of f?
0
Let r(g) = 13*g. Let y be r(-2). What is the units digit of 854/22 - y/143?
9
Suppose 0 = 5*s - 2*s - 69. What is the tens digit of s?
2
Let a(v) = -12*v**3 + v**2 + v - 2. What is the units digit of a(-2)?
6
Let h = 184 - 131. What is the tens digit of h?
5
Suppose 13*c - 16 = 11*c. Let b(v) = 2*v + 15. What is the units digit of b(c)?
1
Let l be (0 - 0)/(0 - 2). Suppose 0 = -z - l*z + 8. What is the units digit of z?
8
Let r(x) = 6*x. Let h be r(3). Let w = -35 + h. Let o = -1 - w. What is the units digit of o?
6
Let l(j) be the third derivative of -j**6/120 + 7*j**5/60 + j**3/2 - j**2. Let b(w) = w**2 + 7*w - 1. Let k be b(-8). What is the units digit of l(k)?
3
Suppose -5*x + 1 = -4*x. What is the units digit of x?
1
Let b(a) = -a**2 + 1. Let j be b(1). Suppose 2*t - 4*t + 4*g + 44 = j, -g + 10 = t. What is the units digit of t?
4
Suppose -57 = -2*r + 107. What is the tens digit of r?
8
Let s = 9 + 6. Let f = 25 - s. What is the units digit of (-4 - 2)/((-3)/f)?
0
Suppose -i = 0, 5*p - 4*i - 10 - 10 = 0. Suppose -2*k = k - p*s + 10, 4*s = 4. What is the units digit of k*-6*5/4?
5
Let z(s) = 12*s - 1. Let f be z(-2). Let l = -15 - f. What is the units digit of l?
0
Suppose 4*u + 38 = 5*r, -4*r - 3*u = r - 24. Let c(a) = 2*a + 3. What is the tens digit of c(r)?
1
Suppose -350 = -6*z + 76. What is the tens digit of z?
7
Let j = -75 + 225. What is the units digit of j?
0
Suppose 11*a - 146 = 1614. What is the units digit of a?
0
Let p be 4 - (-3)/(12/(-8)). Suppose p*o = -4*f, -3*f + 0*f - 5*o = 7. What is the units digit of f?
1
Suppose 4*u = -0*u + 292. What is the tens digit of u?
7
Let t(o) = -o**2 + 7*o + 6. Let i be t(7). Suppose 0 = -2*j + a + 20 + 54, 0 = 3*a - i. What is the units digit of j?
8
Let n be 0/((-2)/(6/9)). What is the units digit of 3/(-6)*(-4 + n)?
2
Suppose 0*s - s = 3*l - 17, -3*s = 5*l - 35. Suppose -j = -2*r + 2*j - 6, -r - l*j = 3. What is the units digit of (-7)/r + 2/3?
3
Let s(k) be the second derivative of 29*k**3/6 + k**2/2 - 6*k. What is the units digit of s(1)?
0
Suppose 4*n - 235 - 177 = 0. What is the hundreds digit of n?
1
Suppose 2066 = 12*n - 2350. What is the hundreds digit of n?
3
Let v(c) = 3*c - 2. What is the units digit of v(10)?
8
Let b(w) = w - 3. Let j be b(7). Let t(u) = u + 3. Let i be t(3). Let s = i + j. What is the units digit of s?
0
Let v = -4 - 13. Let u = v - -20. What is the units digit of u?
3
Suppose -5*r = -53 - 157. What is the units digit of r/11 - 22/(-121)?
4
Suppose 5*j = 533 - 18. What is the tens digit of j?
0
Let z(k) = -2*k. Let g be z(-3). What is the tens digit of (1 - 29)*g/(-12)?
1
Suppose b - 34 = -0*b + f, -4*b + 140 = -2*f. Let h(g) = g + 1. Let i be h(4). Suppose 3*x - b = -i*o, 25 = x + 3*x - o. What is the units digit of x?
7
Suppose 0 = 2*i - 0*i + 6. Let j(x) = x**3 + 4*x**2 - x - 1. What is the tens digit of j(i)?
1
Let s(q) = q**2 - 9*q - 13. What is the units digit of s(12)?
3
Suppose 0 = -6*j + 4*j - m + 151, 4*j - 4*m = 284. What is the units digit of j?
4
Let j = 521 - 371. Suppose 5*a = -10 + j. What is the units digit of a?
8
Suppose 4*r - 143 = 5*a, 3*r - 144 = 5*a - 33. Suppose 3*d - d = r. What is the units digit of d?
6
Let o(a) = a - 2*a**2 - 4*a + 3 + 7*a**2. What is the tens digit of o(2)?
1
Suppose -3*a + 0*a = -2*n + 49, 4*n - 4*a - 92 = 0. What is the tens digit of n?
2
Let l(s) = -3*s + 62. What is the units digit of l(0)?
2
Let c = -11 + 20. Let q be (-118)/(-6) + 3/c. Suppose 6*m = m + q. What is the units digit of m?
4
Suppose -4*r = -0 - 4. What is the units digit of r?
1
Suppose 2 = -2*s + 4. Suppose -2*u + 8 = -3*f, -4*f = 3*u - 2*f + s. What is the units digit of u?
1
Let y(z) be the second derivative of -z**3/3 + z**2/2 - 11*z. Let k = 3 - 5. What is the units digit of y(k)?
5
Let u(t) = t + 13. Let h be u(-9). Suppose -h + 6 = 2*y. What is the units digit of (2 - y)/1 + 8?
9
Suppose 76 + 209 = 5*d. What is the units digit of d?
7
Let h = -1 - 0. Let t(l) = -4*l**3 - l**2 - 2*l - 1. Let m be t(-1). What is the units digit of (m/6*-6)/h?
4
Let q = 702 - 368. What is the hundreds digit of q?
3
Suppose -4*d = -0*d. What is the units digit of 3 + d - (-56)/4?
7
Suppose -1620 = -56*u + 50*u. What is the hundreds digit of u?
2
Let a(p) = p**2 + 5*p - 9. Let k be a(-7). Let j(h) = h**2 - h - 3. What is the units digit of j(k)?
7
Let o(u) = -5*u + 12. Let q(l) = -4*l + 11. Let r(w) = -3*o(w) + 4*q(w). Let m(b) = -8*b**2 - b + 1. Let p be m(1). What is the units digit of r(p)?
6
Let o be -1*2 + (71 - -7). Suppose -4*t + o = 3*z, -2*z + 0*z + 20 = -5*t. What is the units digit of z?
0
Suppose -10 = -4*d - 2*q, -4*d + 3*q + 2*q = 11. What is the units digit of ((-2)/6)/(d/(-6))?
2
What is the units digit of 207 - 15*(-4)/(-12)?
2
Suppose -2*n + 2 = 0, -n - 81 = -5*r + 118. Suppose 5*o = -i + 68, 3*o + 4*i - r = 3*i. What is the units digit of o?
4
Suppose 70 = -3*z - 2*z. Suppose -j + 21 = -3*v, 3 + 9 = 4*j. Let g = v - z. What is the units digit of g?
8
Let r be 1/(-5) - (-78)/15. Suppose -4*z - 29 + 9 = -